common factor of 16077 and 3473.
23
What is the highest common divisor of 2518091425 and 1343?
1343
What is the greatest common divisor of 6453326 and 1576?
394
Calculate the highest common factor of 387321 and 20691.
363
What is the highest common divisor of 154 and 604774555?
77
Calculate the greatest common factor of 35 and 1016905.
5
Calculate the greatest common divisor of 2184945 and 420.
105
What is the highest common factor of 18126104 and 904?
904
Calculate the greatest common factor of 89 and 376837837.
89
Calculate the greatest common divisor of 5693331 and 162967.
5257
Calculate the highest common divisor of 42640 and 67320.
40
What is the greatest common factor of 4940 and 466792?
76
What is the greatest common factor of 528 and 3123264?
48
What is the greatest common factor of 11883 and 468330?
699
Calculate the highest common divisor of 3416 and 42230300.
1708
Calculate the highest common divisor of 839158803 and 21.
21
Calculate the highest common factor of 90785 and 513545.
1355
What is the greatest common divisor of 7728 and 62379312?
1104
Calculate the highest common factor of 20436 and 14677764.
1572
What is the highest common factor of 26 and 65759902?
26
What is the greatest common factor of 15362690 and 630?
70
Calculate the greatest common divisor of 6390 and 69692535.
3195
What is the greatest common factor of 17127 and 57712281?
5709
Calculate the highest common factor of 106922822 and 518.
74
Calculate the greatest common divisor of 1789809 and 57.
3
Calculate the greatest common factor of 456064 and 65408.
896
What is the highest common factor of 556311380 and 7028?
1004
Calculate the greatest common factor of 29966516 and 184.
92
Calculate the highest common factor of 20893301 and 338.
169
What is the greatest common divisor of 179918846 and 386?
386
What is the highest common factor of 2736 and 10422336?
912
What is the highest common divisor of 36718776 and 1088?
136
What is the greatest common factor of 2445317 and 77?
7
Calculate the greatest common divisor of 488873677 and 274.
137
Calculate the highest common factor of 3966 and 72068169.
1983
Calculate the highest common divisor of 34164 and 143007.
219
What is the greatest common divisor of 3624 and 66008895?
453
Calculate the greatest common divisor of 4073583 and 161175.
921
Calculate the greatest common factor of 16107436 and 2.
2
What is the greatest common divisor of 2172408 and 5211?
579
What is the highest common factor of 11 and 25728373?
11
What is the highest common factor of 564527416 and 1448?
1448
Calculate the highest common factor of 3235379 and 427.
427
What is the greatest common divisor of 1429373 and 605?
121
What is the highest common factor of 2276064 and 3584?
224
What is the highest common factor of 1554 and 23691766?
518
What is the highest common divisor of 185786744 and 1066?
1066
What is the greatest common divisor of 324 and 886869?
81
What is the highest common factor of 375401 and 131024?
431
Calculate the highest common divisor of 15169960 and 390.
130
Calculate the highest common divisor of 2734 and 1360483511.
1367
Calculate the greatest common factor of 2970 and 3349566.
594
Calculate the highest common divisor of 412710993 and 1233.
1233
What is the highest common divisor of 105728 and 5152?
224
Calculate the greatest common factor of 5124555 and 15.
15
What is the greatest common factor of 24514 and 66844?
34
Calculate the highest common divisor of 41385 and 34565.
155
What is the highest common divisor of 19778822 and 5264?
658
What is the greatest common divisor of 103334 and 41114?
122
What is the highest common divisor of 1062 and 249098?
118
What is the greatest common divisor of 146615 and 13348?
71
Calculate the highest common factor of 45 and 9724098.
3
Calculate the highest common factor of 754717354 and 23.
23
Calculate the greatest common divisor of 52 and 21563958.
26
What is the greatest common divisor of 2835 and 294003?
27
Calculate the highest common factor of 588 and 3983602.
98
Calculate the greatest common divisor of 9365 and 620.
5
What is the greatest common factor of 475443 and 10557?
27
Calculate the highest common factor of 3735 and 71217.
9
What is the highest common factor of 128065000 and 1960?
280
Calculate the highest common factor of 1334 and 849022.
46
What is the highest common factor of 146438 and 100302?
146
Calculate the greatest common divisor of 15570 and 53961295.
865
Calculate the highest common divisor of 114845714 and 16.
2
What is the highest common factor of 8913919 and 7?
7
What is the greatest common factor of 16 and 41956912?
16
What is the greatest common divisor of 205 and 10335403?
41
Calculate the greatest common factor of 980 and 2198.
14
What is the greatest common factor of 2079286927 and 554?
277
Calculate the greatest common divisor of 124 and 178916.
4
Calculate the greatest common divisor of 39486416 and 32.
16
What is the greatest common factor of 851 and 85612302?
851
Calculate the greatest common factor of 2408160 and 7656.
696
What is the highest common divisor of 28 and 1485428?
28
What is the highest common divisor of 989 and 37263749?
23
What is the highest common divisor of 631368 and 23162?
74
Calculate the highest common factor of 330457 and 29752269.
3713
What is the highest common divisor of 24032677 and 263?
263
Calculate the greatest common factor of 335 and 379023355.
335
What is the highest common factor of 27965796 and 60?
12
What is the greatest common factor of 17469 and 22167?
27
What is the highest common divisor of 68386 and 98208?
62
Calculate the greatest common divisor of 31131246 and 5268.
2634
Calculate the highest common factor of 710890 and 84.
2
What is the highest common factor of 3816 and 286278228?
1908
Calculate the greatest common factor of 8661458 and 6214.
26
Calculate the greatest common divisor of 1605007 and 73832.
839
What is the highest common factor of 21987 and 106911?
63
Calculate the highest common divisor of 95344541 and 4859.
113
Calculate the greatest common factor of 2480269 and 55.
11
What is the highest common divisor of 3 and 2485050?
3
What is the greatest common divisor of 17952 and 59396436?
2244
What is the highest common divisor of 33211426 and 808?
202
Calculate the highest common factor of 746108 and 141856.
1364
What is the highest common divisor of 99615460 and 30?
10
What is the highest common factor of 243 and 9998316?
81
Calculate the greatest common factor of 36 and 26058852.
36
Calculate the highest common factor of 59796409 and 12505.
2501
What is the highest common divisor of 14 and 128444757?
7
What is the highest common factor of 1289873 and 1391?
13
What is the highest common factor of 2186866 and 49006?
214
What is the highest common divisor of 81437 and 6127274?
1147
What is the highest common factor of 32967 and 96371?
11
What is the greatest common factor of 23616 and 4264287?
123
What is the greatest common divisor of 351162610 and 20684?
10342
What is the highest common divisor of 3040 and 22758200?
760
Calculate the greatest common divisor of 491466 and 78667.
811
Calculate the greatest common divisor of 103933 and 24457.
37
What is the highest common divisor of 11 and 2818464?
11
Calculate the greatest common factor of 208872 and 90072.
216
What is the greatest common divisor of 61 and 978440?
61
Calculate the greatest common factor of 7337489 and 136.
17
What is the greatest common factor of 45582939 and 18?
9
Calculate the highest common divisor of 739836 and 2628.
36
What is the greatest common divisor of 368758 and 20618?
338
What is the greatest common divisor of 2872829 and 369?
41
What is the greatest common divisor of 78 and 1176474?
78
Calculate the highest common factor of 64697813 and 469.
67
What is the greatest common divisor of 16548 and 7581742?
2758
What is the highest common factor of 588 and 12734988?
84
Calculate the greatest common factor of 280 and 40975340.
140
What is the greatest common divisor of 307 and 13517824?
307
Calculate the greatest common divisor of 39125832 and 576.
24
What is the greatest common divisor of 44409 and 4578195?
339
Calculate the highest common divisor of 9087 and 4175826.
699
Calculate the greatest common factor of 3153357 and 189.
27